 factors of 189897.
3, 63299
List the prime factors of 6104140.
2, 5, 7, 59, 739
What are the prime factors of 55011?
3, 11, 1667
What are the prime factors of 14450399?
14450399
What are the prime factors of 107917?
311, 347
List the prime factors of 472379.
17, 37, 751
List the prime factors of 7754864.
2, 13, 23, 1621
List the prime factors of 4243524.
2, 3, 353627
What are the prime factors of 58057?
58057
What are the prime factors of 37849?
7, 5407
What are the prime factors of 877594?
2, 523, 839
What are the prime factors of 903208?
2, 112901
List the prime factors of 13682101.
13682101
What are the prime factors of 3392781?
3, 7, 161561
What are the prime factors of 2652174?
2, 3, 7, 31, 97
What are the prime factors of 297175?
5, 11887
List the prime factors of 3388277.
47, 72091
List the prime factors of 1728258.
2, 3, 7, 41149
List the prime factors of 8653847.
8653847
List the prime factors of 6320751.
3, 2106917
List the prime factors of 24622095.
3, 5, 1641473
List the prime factors of 122115.
3, 5, 7, 1163
List the prime factors of 10727979.
3, 3575993
List the prime factors of 821992.
2, 37, 2777
List the prime factors of 345735.
3, 5, 13, 197
List the prime factors of 20311082.
2, 11, 73, 12647
What are the prime factors of 366820?
2, 5, 18341
List the prime factors of 8562824.
2, 409, 2617
List the prime factors of 4251518.
2, 349, 6091
What are the prime factors of 483964?
2, 13, 41, 227
What are the prime factors of 2265079?
2265079
What are the prime factors of 2133896?
2, 359, 743
List the prime factors of 390120.
2, 3, 5, 3251
What are the prime factors of 1677643?
11, 19, 23, 349
What are the prime factors of 5840211?
3, 13, 149749
List the prime factors of 1086352.
2, 43, 1579
List the prime factors of 2957712.
2, 3, 43, 1433
List the prime factors of 1815607.
59, 30773
What are the prime factors of 1457833?
13, 127, 883
List the prime factors of 7331885.
5, 11, 109, 1223
What are the prime factors of 390162?
2, 3, 65027
List the prime factors of 372846.
2, 3, 62141
List the prime factors of 239816.
2, 31, 967
What are the prime factors of 269782?
2, 43, 3137
List the prime factors of 1142000.
2, 5, 571
List the prime factors of 1680124.
2, 149, 2819
What are the prime factors of 399195?
3, 5, 2957
List the prime factors of 194485.
5, 97, 401
What are the prime factors of 322289?
11, 83, 353
What are the prime factors of 8682730?
2, 5, 7, 23, 5393
List the prime factors of 7182609.
3, 7, 571, 599
List the prime factors of 5280800.
2, 5, 7, 23, 41
What are the prime factors of 162195?
3, 5, 11, 983
List the prime factors of 38215.
5, 7643
What are the prime factors of 9437195?
5, 113, 16703
What are the prime factors of 157757?
19, 23
List the prime factors of 402392.
2, 179, 281
What are the prime factors of 612399?
3, 204133
List the prime factors of 26663759.
26663759
List the prime factors of 3427981.
3427981
What are the prime factors of 1973847?
3, 73, 9013
What are the prime factors of 19257714?
2, 3, 7, 152839
List the prime factors of 7097987.
13, 47, 11617
What are the prime factors of 17432899?
11, 19, 239, 349
What are the prime factors of 3463183?
3463183
List the prime factors of 2124395.
5, 7, 13, 23, 29
List the prime factors of 2032965.
3, 5, 11, 37
What are the prime factors of 1228874?
2, 614437
List the prime factors of 4796428.
2, 7, 13, 13177
List the prime factors of 5142283.
337, 15259
What are the prime factors of 2053640?
2, 5, 51341
List the prime factors of 7402713.
3, 103, 23957
List the prime factors of 226149.
3, 7, 11, 89
What are the prime factors of 205028?
2, 51257
List the prime factors of 35827.
11, 3257
List the prime factors of 335545.
5, 7, 9587
List the prime factors of 14579245.
5, 2915849
List the prime factors of 4405996.
2, 7, 53, 2969
What are the prime factors of 256233?
3, 85411
What are the prime factors of 253521?
3, 17, 1657
What are the prime factors of 450874?
2, 17, 89, 149
What are the prime factors of 7109386?
2, 149, 23857
List the prime factors of 2466496.
2, 17, 2267
What are the prime factors of 31444739?
43, 47, 15559
What are the prime factors of 578860?
2, 5, 103, 281
What are the prime factors of 5789630?
2, 5, 7, 11, 73, 103
List the prime factors of 211811.
211811
List the prime factors of 41935.
5, 8387
What are the prime factors of 2849265?
3, 5, 63317
List the prime factors of 5097462.
2, 3, 337, 2521
What are the prime factors of 4709201?
7, 672743
List the prime factors of 2734982.
2, 211, 6481
What are the prime factors of 1013590?
2, 5, 101359
What are the prime factors of 10313896?
2, 1289237
List the prime factors of 13052636.
2, 223, 14633
What are the prime factors of 6339473?
7, 67, 1931
What are the prime factors of 1374672?
2, 3, 13, 2203
List the prime factors of 10542054.
2, 3, 191, 9199
What are the prime factors of 181888?
2, 7, 29
List the prime factors of 1111365.
3, 5, 24697
What are the prime factors of 7094020?
2, 5, 354701
What are the prime factors of 478365?
3, 5, 31891
What are the prime factors of 2541601?
43, 59107
List the prime factors of 599912.
2, 31, 41, 59
List the prime factors of 3260.
2, 5, 163
List the prime factors of 5265130.
2, 5, 13, 101, 401
What are the prime factors of 81044?
2, 20261
What are the prime factors of 1389621?
3, 463207
What are the prime factors of 475884?
2, 3, 13219
What are the prime factors of 2989552?
2, 17, 29, 379
List the prime factors of 73751.
73751
What are the prime factors of 3005098?
2, 43, 83, 421
List the prime factors of 231856.
2, 43, 337
List the prime factors of 7152410.
2, 5, 17, 42073
What are the prime factors of 850532?
2, 212633
List the prime factors of 476132.
2, 119033
What are the prime factors of 9701882?
2, 4850941
What are the prime factors of 122783?
199, 617
List the prime factors of 533946.
2, 3, 7, 12713
What are the prime factors of 176912?
2, 11057
List the prime factors of 1690434.
2, 3, 93913
List the prime factors of 8255762.
2, 127, 32503
List the prime factors of 64965.
3, 5, 61, 71
List the prime factors of 21092298.
2, 3, 3515383
List the prime factors of 2606555.
5, 7, 10639
List the prime factors of 10262.
2, 7, 733
List the prime factors of 1606418.
2, 11, 73019
What are the prime factors of 795635?
5, 227, 701
List the prime factors of 20693065.
5, 563, 7351
List the prime factors of 117030.
2, 3, 5, 47, 83
List the prime factors of 7942159.
157, 50587
List the prime factors of 2460502.
2, 11, 97, 1153
List the prime factors of 109031.
13, 8387
List the prime factors of 685596.
2, 3, 19, 31, 97
List the prime factors of 216153.
3, 7, 47, 73
What are the prime factors of 37048280?
2, 5, 193, 4799
List the prime factors of 261590.
2, 5, 7, 37, 101
List the prime factors of 243774.
2, 3, 29, 467
List the prime factors of 204538.
2, 31, 3299
What are the prime factors of 225491?
7, 32213
List the prime factors of 5024486.
2, 17, 147779
List the prime factors of 41838335.
5, 7, 11, 271, 401
What are the prime factors of 20472646?
2, 59, 173497
What are the prime factors of 6477551?
59, 109789
What are the prime factors of 230985?
3, 5, 29, 59
List the prime factors of 1189432.
2, 157, 947
List the prime factors of 21014654.
2, 10507327
What are the prime factors of 2423439?
3, 9973
What are the prime factors of 49229?
19, 2591
List the prime factors of 578343.
3, 192781
List the prime factors of 21260975.
5, 850439
List the prime factors of 180867.
3, 60289
List the prime factors of 3420678.
2, 3, 570113
What are the prime factors of 3704136?
2, 3, 154339
List the prime factors of 9465002.
2, 19, 249079
What are the prime factors of 2654740?
2, 5, 11, 1097
What are the prime factors of 2052752?
2, 13, 71, 139
What are the prime factors of 1883137?
199, 9463
What are the prime factors of 66054?
2, 3, 101, 109
What are the prime factors of 53377?
53377
List the prime factors of 25271.
37, 683
List the prime factors of 245687.
13, 18899
List the prime factors of 6182308.
2, 11, 23, 41, 149
List the prime factors of 386003.
139, 2777
List the prime factors of 5844806.
2, 11, 23, 11551
List the prime factors of 1325814.
2, 3, 7, 31567
List the prime factors of 4658393.
79, 58967
What are the prime factors of 1494792?
2, 3, 13, 1597
What are the prime f